{"id":2,"date":"2012-10-31T07:35:56","date_gmt":"2012-10-31T06:35:56","guid":{"rendered":"https:\/\/www.peterhagen.de\/?page_id=2"},"modified":"2012-12-25T19:51:48","modified_gmt":"2012-12-25T18:51:48","slug":"beispiel-seite","status":"publish","type":"page","link":"https:\/\/www.peterhagen.de\/","title":{"rendered":"Willkommen"},"content":{"rendered":"<p style=\"text-align: justify;\"><a href=\"https:\/\/www.peterhagen.de\/wp-content\/uploads\/2012\/10\/P1130251bc.jpg\"><img loading=\"lazy\" decoding=\"async\" class=\" wp-image-96 alignleft\" title=\"P1130251bc\" src=\"https:\/\/www.peterhagen.de\/wp-content\/uploads\/2012\/10\/P1130251bc-150x150.jpg\" alt=\"\" width=\"247\" height=\"247\" \/><\/a>Lange habe ich mir Gedanken \u00fcber eine Neugestaltung meiner Homepage gemacht, da die &#8222;alte&#8220; einfach nicht mehr zeitgem\u00e4\u00df und den Inhalten entsprechend veraltet war.<\/p>\n<p style=\"text-align: justify;\">Hier nun eine v\u00f6llig neugestaltete Version in WordPress.<\/p>\n<p style=\"text-align: justify;\">Es wird &#8211; wie auf vielen Webseiten \u00fcblich &#8211; immer wieder \u00c4nderungen an den\u00a0 Inhalten geben, um diese auf dem neuesten Stand zu halten.<\/p>\n<p style=\"text-align: justify;\">Meine Schulungen, Seminare und Vortr\u00e4ge drehen sich rund um den Teichbau und Teichtechnik. Ein weiterer Schwerpunkt sind verschiedene Themen rund um die Pflanze sowie Gartenplanung. Meine Schulungen und Seminare sind f\u00fcr Laien und Fachleute interessant, da ich sie an die gestellten Anforderungen individuell anpassen kann. Sollten Sie Interesse zu einem Thema aus meinem umfangreichen Fortbildungsangebot haben, w\u00fcrde ich mich sehr \u00fcber eine Kontaktaufnahme freuen.<\/p>\n<div align=\"center\"><\/div>\n<div style=\"text-align: right;\" align=\"center\"><strong><em>Peter Hagen<\/em><\/strong><\/div>\n<div align=\"center\"><\/div>\n<div align=\"center\">.<\/div>\n","protected":false},"excerpt":{"rendered":"<p>Lange habe ich mir Gedanken \u00fcber eine Neugestaltung meiner Homepage gemacht, da die &#8222;alte&#8220; einfach nicht mehr zeitgem\u00e4\u00df und den Inhalten entsprechend veraltet war. Hier nun eine v\u00f6llig neugestaltete Version in WordPress. Es wird &#8211; wie auf vielen Webseiten \u00fcblich &hellip; <a href=\"https:\/\/www.peterhagen.de\/\">Weiterlesen <span class=\"meta-nav\">&rarr;<\/span><\/a><\/p>\n","protected":false},"author":1,"featured_media":96,"parent":0,"menu_order":0,"comment_status":"closed","ping_status":"closed","template":"","meta":{"footnotes":""},"class_list":["post-2","page","type-page","status-publish","has-post-thumbnail","hentry"],"_links":{"self":[{"href":"https:\/\/www.peterhagen.de\/index.php?rest_route=\/wp\/v2\/pages\/2","targetHints":{"allow":["GET"]}}],"collection":[{"href":"https:\/\/www.peterhagen.de\/index.php?rest_route=\/wp\/v2\/pages"}],"about":[{"href":"https:\/\/www.peterhagen.de\/index.php?rest_route=\/wp\/v2\/types\/page"}],"author":[{"embeddable":true,"href":"https:\/\/www.peterhagen.de\/index.php?rest_route=\/wp\/v2\/users\/1"}],"replies":[{"embeddable":true,"href":"https:\/\/www.peterhagen.de\/index.php?rest_route=%2Fwp%2Fv2%2Fcomments&post=2"}],"version-history":[{"count":0,"href":"https:\/\/www.peterhagen.de\/index.php?rest_route=\/wp\/v2\/pages\/2\/revisions"}],"wp:featuredmedia":[{"embeddable":true,"href":"https:\/\/www.peterhagen.de\/index.php?rest_route=\/wp\/v2\/media\/96"}],"wp:attachment":[{"href":"https:\/\/www.peterhagen.de\/index.php?rest_route=%2Fwp%2Fv2%2Fmedia&parent=2"}],"curies":[{"name":"wp","href":"https:\/\/api.w.org\/{rel}","templated":true}]}}